hest common factor of 32 and u.
8
Suppose 5*b + 11175 = w, -w = -1918*b + 1915*b - 11161. What is the greatest common divisor of 20 and w?
20
Let d(a) = -17*a + 2. Let g be d(-7). Let s(x) = x**2 + 13*x - 2 - 66 - 35. Let u be s(-19). Calculate the greatest common divisor of u and g.
11
Let w be (-12)/(-20) + 1 + 82/5. Let m be 4167/w + (-3)/2. What is the highest common divisor of m and 10?
10
Suppose 2*t - 192 = -s - 74, -2*t + 622 = 5*s. Suppose -20*o - 5127 = -407. Let q = -218 - o. Calculate the highest common divisor of s and q.
18
Suppose 0 = 4*b + b - 350. Suppose m = 6*m - b. Let x(j) = -17*j**2 + 31*j + 1176. Let r be x(-7). What is the highest common divisor of r and m?
14
Suppose 15 = -3*o, 3*o = 4*m - 138 - 61. Suppose -35*n = -m*n + 748. Calculate the greatest common factor of n and 442.
34
Let t(v) = -54*v**3 - v. Let q be t(-1). Let s be (-2 + 1)/((-8)/(-320)*-4 - 7/(-140)). What is the highest common factor of q and s?
5
Let l(a) = -3*a**3 - 2*a**2 + 7*a - 12. Let w be l(2). Let s be 18268/44 + w/165. Calculate the highest common divisor of 166 and s.
83
Let n = -44 + 46. Suppose 0 = n*a + a. Suppose 17 = -5*t - b + 77, 2*t - 5*b + 3 = a. What is the highest common factor of t and 33?
11
Suppose h - 5 = 3. Let c be 18/(-8)*h*-2. Let z(v) = -v**2 - 16*v - 19. Let i be z(-5). What is the highest common factor of c and i?
36
Let l(q) = 288*q**3 + 5*q**2 - q - 18. Let z be l(3). What is the greatest common factor of 200 and z?
200
Suppose 407 = 3*t - 5*b, 4*t + 2*b - 225 = 309. Suppose -w + 3*d = 2*w - 618, -3*d = -2*w + 417. What is the greatest common divisor of w and t?
67
Suppose -4*w + 102 = 2*u, -18 + 47 = w - 3*u. Calculate the greatest common factor of 442 and w.
26
Let t be -7 + 2526/1 + (2 + -2 - 8). What is the highest common divisor of t and 3069?
279
Let h be ((-60)/(-35))/(2*(-2)/(-14)). Suppose 34 = 3*o + 5*n, 24 = 2*o + 8*n - h*n. What is the greatest common divisor of 221 and o?
13
Suppose 7*c - 2*c - 20 = 0. Let x be 5/(-1) - (c - 8). Let l be -8*(x - (0 - -4)). Calculate the greatest common divisor of l and 10.
10
Suppose 0 = 3*m + 2*q + 570, 9*q - 10*q - 943 = 5*m. Let v = -113 - m. Let j = 132 - v. Calculate the highest common factor of 38 and j.
19
Suppose 0 = j + 5*q - 12, -2 = -2*j + 4*q + 8. Let m be (-1 + 26/4)*70/j. Suppose -m = -2*s + 131. What is the highest common divisor of 31 and s?
31
Suppose 43*u - 69 = 1307. Let c be (-8)/(u/(-284)) - -7. Calculate the greatest common divisor of 52 and c.
26
Let v = -20540 - -20716. Calculate the greatest common factor of v and 272.
16
Suppose -k - 3*n = -72, 0 = k - n - 20 - 40. Let j = -264 + 278. Calculate the greatest common factor of j and k.
7
Let m(u) = -6*u - 1. Let a be m(-1). Suppose 20*p = 169 - 569. Let q be ((-81)/54)/(2/p). Calculate the greatest common factor of q and a.
5
Suppose -3*s + 2*o = -86, s = -5*o + o + 10. Let i be 0 - 13/(-3)*-80*12/(-10). What is the greatest common divisor of s and i?
26
Let r be (-6)/(-15) - (-3 + (-1646)/10). Let w = r - 120. What is the highest common factor of 24 and w?
24
Let r(j) = -8*j + 67. Let o be r(-8). Let z = o - 135. Let y(w) = 7*w + 29. Let l be y(z). What is the greatest common divisor of l and 2?
1
Suppose -7*t = 11*t + 2*t - 460. Calculate the highest common factor of 1081 and t.
23
Suppose -2*l - 1306 = -4*d, 3*d - 827 = 4*l + 150. What is the highest common factor of d and 1853?
109
Let f be 39 + (-4 - 0) + -24 + 25. Suppose 0*u + 88 = 11*u. Calculate the highest common factor of u and f.
4
Let f = 49 + -31. Let l(d) = -d - 29. Let o be l(-29). Suppose o = 3*t - 6*p + 5*p - 52, 2*p = -5*t + 94. What is the highest common factor of f and t?
18
Let b = 16 + -29. Let o = b - -17. Suppose -2*p - x - 37 = -o*p, -5*p = 3*x - 65. Calculate the greatest common factor of 16 and p.
16
Suppose -3155*n + 6312*n = 3177*n - 49140. What is the highest common factor of n and 3213?
189
Let o = 57 + -58. Let f be o*436/(-24) + (-1)/6. Calculate the greatest common divisor of f and 18.
18
Suppose 9228 - 23673 = -37*h + 29141. What is the greatest common factor of 114 and h?
38
Let z = 2110 + -1907. Calculate the greatest common factor of z and 928.
29
Suppose 17*a - 86 = 169. Let o = -7 - -5. Let z be 13/(a/(-10) - o). Calculate the greatest common divisor of z and 39.
13
Let k = -89 - -96. Suppose -15 = 5*v + 12*g - k*g, v - 4*g = 17. Suppose 6*a = 8*a - 22. What is the greatest common divisor of v and a?
1
Let n = 595 - 435. Suppose 2*j = 5*g - 144, -5*j + 45 = 2*g - g. Let d = 50 - g. What is the greatest common divisor of d and n?
20
Suppose -4*y + i + 201 = 0, 5*y - 3*i = 176 + 70. Calculate the highest common factor of y and 4335.
51
Let i = 25 + 9. Suppose -63 = -60*j + 39*j. Let b be i/3 + (-1)/j. Calculate the highest common divisor of b and 110.
11
Let w(c) = 10*c + 212. Let n be w(10). Let i(x) = 16*x - 9. Let k be i(3). What is the highest common divisor of n and k?
39
Let r = 100 + -43. Suppose -451*x + 82992 = -395*x. Calculate the greatest common divisor of r and x.
57
Let r(m) = -4*m**3 + 2*m**2 - 4*m + 6. Let o be r(-4). Let l = -638 - -648. Calculate the greatest common divisor of l and o.
10
Let a(i) = 2*i**2 + i**2 + 2 - 2*i + 0*i**2 + i**3. Let l be -3*(-22)/(-693) - 61/21. Let t be a(l). What is the highest common factor of t and 56?
8
Suppose -28*c = 4296 - 18632. What is the greatest common divisor of c and 32?
32
Let c be 180/7 + (-4)/(-14). Let n(f) = f**2 + 14. Let z be n(-5). Suppose 0*t - 3*t + z = 0. Calculate the highest common divisor of c and t.
13
Let m(x) = x**3 + 39*x**2 + 52*x + 90. Let i be m(-38). Let s = i - -540. Calculate the highest common factor of s and 14.
14
Suppose 3*i + 3*a - 807 = 0, -2*i + 11*a + 552 = 6*a. What is the highest common factor of 1 and i?
1
Let c be (-1 + 14/4)*248192/1385. What is the greatest common divisor of 784 and c?
112
Let v(j) = -2558 + 44*j + 26*j + 2578. Let f be v(6). What is the highest common factor of f and 11?
11
Let u be ((-53)/(-4))/(-2 - 49/(-28)). Let l = u - -73. Suppose 2*c + 4*m = l, 0*c - c + 3*m = -5. Calculate the greatest common factor of 80 and c.
8
Let i(p) = -146*p - 869. Let x be i(-6). Let n(f) = 5*f**3 - 11*f - 2*f**2 - 4*f**3 - 2*f**2 - 6. Let v be n(x). What is the greatest common divisor of 8 and v?
8
Let d(h) = -h**3 - 16*h**2 + 15*h - 34. Let s be d(-17). Suppose s = 2*w - 4, w = -4*f + 41 + 177. Calculate the highest common factor of 6 and f.
6
Let c be 8/6*(15252/(-16))/(-41). Let a = -196 - -22. Let v = -19 - a. What is the greatest common divisor of v and c?
31
Suppose -v - 21 = -2*v. Let g(i) = i**3 - 13*i**2 + 47*i - 23. Let w be g(6). What is the highest common factor of w and v?
7
Suppose 0 = 9*l + 6392 - 7706. Calculate the highest common divisor of 8 and l.
2
Let x(i) = -2*i**3 - 78*i**2 - 83*i - 262. Let t be x(-38). Calculate the highest common divisor of 150 and t.
2
Suppose -2718 = 23*a - 26*a. Let g = -262 + -334. Let l = g + a. Calculate the highest common divisor of l and 31.
31
Let b(a) = -a**3 + 20*a**2 + 27*a + 68. Let z be b(20). What is the highest common factor of 224 and z?
32
Let k(s) = -s**3 + s**2 + 6*s + 1. Let q be k(4). Let f = 191 - q. Let c be f/10 + (-2)/(-20)*6. What is the greatest common factor of c and 11?
11
Let h(u) = 61*u - 27. Let a(b) = -63*b + 26. Let z(p) = 2*a(p) + 3*h(p). Let d be z(5). What is the greatest common divisor of 96 and d?
32
Suppose -4*y = 3*q - 129 + 22, -5*q - 5*y = -185. What is the greatest common divisor of 1312 and q?
41
Let k be (-27)/(11/3 - 4). Let v be 12/1 + (-60)/(-10) + -9. Calculate the greatest common factor of v and k.
9
Let s(g) = 4*g + 12. Let j = 144 + -134. Let n be s(j). Calculate the greatest common factor of n and 13.
13
Suppose 0 = -52*v + 4678 + 5046. What is the highest common factor of 660 and v?
11
Suppose 0 = -2*a + 105 + 107. Let z(n) = -n - 75. Let t be z(0). Let h = t + a. What is the greatest common divisor of 31 and h?
31
Suppose -4*q - 4*w + 5 = -27, 5*q - 8 = 3*w. Let z = -29 + 76. Suppose -z = -q*m + o, 2*o - 20 = -2*o. Calculate the greatest common divisor of 104 and m.
13
Let n = -1000 + 662. Let d = n + 474. What is the greatest common divisor of d and 24?
8
Let i be 3/30*4 - 714/10. Let m = i + 152. Suppose -46 =